uppose 3*s + 54 = 5*n, 2*n + n - 34 = s. What are the prime factors of n?
2, 3
Let o(q) = 2*q**2 - 2*q + 1. Let g(y) = -y**2 - 4*y + 1. Let p be g(-5). List the prime factors of o(p).
41
Let h be 4 - ((-6)/(-3) - 0). Suppose d - 6 = -h*d. Suppose -5*y - d*u = -20, 0*y - 3*u + 13 = -y. List the prime factors of y.
2
Let f be 0 - 3 - (5 - 11). Suppose -56 = -f*l - l. List the prime factors of l.
2, 7
Suppose -21*x + 19*x = -18. List the prime factors of x.
3
Let a(r) = -r**2 - 9*r + 6. Let p = 7 - 12. Let q be a(p). Let v = 45 - q. List the prime factors of v.
19
Suppose -k = -3 + 1. What are the prime factors of k?
2
Let h be (1/3)/(2/18). Let q(w) = -2*w**2 + h*w**2 - w + 3*w**2. List the prime factors of q(-1).
5
Let d be (-2 - -7)*(-4 - -3). Let m(j) = -j**2 - 3*j + 1. Let v be m(d). Let p = v + 25. List the prime factors of p.
2
Let i(k) = k**2 - 5. Let l be i(-4). Let z = l - -2. List the prime factors of z.
13
Let v = -65 + 42. Let c = v - -52. Let f = c + -19. What are the prime factors of f?
2, 5
Let z(c) = c - 1. Let i be z(3). Let j be (6/(-3))/(-3 + i). Suppose -4*b + 59 = -3*v, 3*b - j*b + 3*v + 4 = 0. List the prime factors of b.
11
Suppose 3*x = 9*x - 378. What are the prime factors of x?
3, 7
Suppose m - 15 = 4*m. Let l = 7 + m. What are the prime factors of l?
2
Suppose -59 = -3*a + 5*w - w, 2*a - 4*w = 34. List the prime factors of a.
5
What are the prime factors of (112/(-18) + 2/9)*-29?
2, 3, 29
Suppose 0 = -2*i - 3*i + 5, 0 = 2*o + i - 1. Suppose -3*h = -2*u - 34, o*u = 2*u - 8. List the prime factors of h.
2, 7
Let c = -16 - -23. Let b(l) = l**2 - 4*l. What are the prime factors of b(c)?
3, 7
Let s = -4 - -2. Let c be (-3)/(-3) - s - 2. List the prime factors of -3 + (24*c - 0).
3, 7
Suppose -q + 5 = -2*q, 44 = 3*d - 4*q. Let j = 13 - d. Suppose 2*g = -j*o - 3, -33 = -3*g + 3*o + 2*o. List the prime factors of g.
2, 3
Suppose 5*k = -r - 120, 2*r + 96 = 3*k - 196. Let c be (r/(-2))/(2/2). Suppose 7*f - c = 2*f. What are the prime factors of f?
2, 7
Let l(r) = -r**3 + 6*r**2 - 3*r - 4. Let i be l(5). Let h = 6 + i. List the prime factors of h.
2, 3
Let r(h) be the first derivative of -h**4/4 + 11*h**3/3 - 5*h**2 + 3*h + 1. What are the prime factors of r(10)?
3
Let f(t) = -t**2 - 5*t - 3. Let q be f(-3). Let m(v) = 4*v**2 + 2*v**3 - v**q - 2*v**3 + 3*v. List the prime factors of m(3).
2, 3
Let a be (1 - -1) + 3 + 1. Suppose -3*z + 3 = -a. Suppose -t - 3*l + 16 = 0, 0 = -z*t + 2*t + l + 8. List the prime factors of t.
2, 5
Suppose 2*d + 2*d = 3*t - 22, -t + 22 = -5*d. Let x = 27 - d. What are the prime factors of 3/6 - x/(-2)?
2
Suppose 0 = 4*q + 2 + 26. Let t = q + 14. Let g(m) = -m + 11. List the prime factors of g(t).
2
Let g(l) = -5*l**3 + l + 1. Let y be g(-1). Suppose 40 = 5*t - 5*p, -3*t = -2*p + y - 34. List the prime factors of t.
13
List the prime factors of 1*7/((-7)/(-26)).
2, 13
Let b be (2/(-2) - -60) + -2. Suppose -3*q + 0*q = -b. List the prime factors of q.
19
Let i(l) = -l**2 - 9*l + 1. Let d be i(-9). Suppose -j - 25 + 5 = 0. What are the prime factors of d*-2 + j/(-4)?
3
Let x(z) = -z + 12. Let t be x(9). Suppose -t*m - 6 = -4*m. Suppose -3*b + m*b = 24. List the prime factors of b.
2
Let v = -109 + 185. What are the prime factors of v?
2, 19
Suppose 0 = -q - 3*v - 42, 12 = -3*v - 0. List the prime factors of q/(0/4 + -1).
2, 3, 5
Let i be 84/10 + 10/(-25). Suppose 3*d = i*d. What are the prime factors of 30/(-3)*(-1 + d)?
2, 5
Let o be (3/(-3))/(1/(-4)). Suppose -35 = -g - o*g. What are the prime factors of g?
7
Let g(u) = u**3 + 6*u**2 - 10*u - 1. Let k be 5 + -10 - (2 - 0). List the prime factors of g(k).
2, 5
Suppose -u + 33 = -0*u. List the prime factors of u.
3, 11
Suppose n = -5*m - 13, 2*n + 0*m - 4 = -4*m. Suppose p + 0 = n. Let o = p + -5. List the prime factors of o.
7
Suppose -3*m + 2*o + 266 = 0, 0 = -3*m + 3*o + 112 + 158. List the prime factors of m.
2, 43
Let b(f) = -f + 1. Let r be b(2). Let v(k) = -13*k**3 + k + 1. Let i be v(r). Suppose -20 = -3*m + i. What are the prime factors of m?
11
Let b be 0 + 6/(-1) - 0. Let i = 15 - b. What are the prime factors of i?
3, 7
Suppose 4*h - 13 = 3. Suppose 0 = -c + 3*c - 4. Suppose -g - 5 = h*g + 4*v, -g - c*v - 7 = 0. What are the prime factors of g?
3
What are the prime factors of (206 + 5)*(-3)/(-3)?
211
Suppose -3*y - 4*a = -6*y + 229, -2*y - 5*a = -191. List the prime factors of y.
83
Suppose 5*r - 4*r + 5 = 0. List the prime factors of (-12)/r*40/12.
2
Let y(i) = i**3 - 3*i**2 + 9*i - 1. What are the prime factors of y(5)?
2, 47
Let l be (4 - 2)/4*8. What are the prime factors of 5/(-10) + 34/l?
2
Let c = -5 + 10. Suppose -9 - c = -2*m. Suppose -s + 2*b = -20, -4*s + m*s + b = 32. What are the prime factors of s?
2, 3
Suppose -14 = -2*j + 5*g + 10, -j = 5*g + 3. Suppose j*k = 2*k + 30. Let d = 0 + k. List the prime factors of d.
2, 3
Let m = 2 + 0. Let j(s) = -s**3 + 6*s**2 + s + 6. Let d be j(6). Suppose -d + 35 = 2*v - 3*g, -m*v = 3*g + 7. What are the prime factors of v?
2
Suppose -2*c + 3*z + 9 = 0, -3*c + 2*c - 2*z + 1 = 0. Suppose 0 = -i + c*j + 22, j - 5*j + 104 = 4*i. Suppose -4*r - 5 + i = 0. List the prime factors of r.
5
Let t = 50 - 40. What are the prime factors of t?
2, 5
Suppose 4*k - 5*y + 16 = 4, -k - 5*y = -22. Suppose 0 = -k*d - d + 159. List the prime factors of d.
53
Suppose -2*s + 215 = -3*r, 0 = 5*s + 4*r - r - 506. List the prime factors of s.
103
Suppose -3*i + 4*b = -36, 2*b = 4*i - 45 - 3. Let q = i + -4. List the prime factors of q.
2
Let g = -74 - -135. What are the prime factors of g?
61
Let t(j) be the first derivative of j**4/4 + 11*j**3/3 - j**2 + 2*j - 5. What are the prime factors of t(-11)?
2, 3
Let z = -19 + 89. What are the prime factors of z?
2, 5, 7
Let d(l) = l**3 - 9*l**2 - 13*l. List the prime factors of d(11).
3, 11
What are the prime factors of -5*3*530/(-75)?
2, 53
List the prime factors of 4596/8*10/15.
383
Suppose -111 - 9 = -2*d. What are the prime factors of (d/14)/((-2)/(-14))?
2, 3, 5
Let v be 1*-6*(-4)/6. Let l(b) = b**3 - 2*b**2 - 6*b + 3. List the prime factors of l(v).
11
Suppose -5*f + 3*u + 50 = 0, 5*f = -10*u + 5*u + 50. Let b(t) = -t + 5. Let d be b(f). List the prime factors of (-4)/30*3*d.
2
Let p(o) = 32*o - 31. What are the prime factors of p(5)?
3, 43
Suppose -k - 5*z = 2*k - 1, -3*k - z = -5. Suppose 4*n - k*n = 4*b - 16, 0 = -4*n - 2*b - 12. List the prime factors of (n/(-6))/((-2)/(-24)).
2
Let b(t) be the third derivative of -t**6/120 - 2*t**5/15 - 3*t**4/8 + t**3/3 - t**2. What are the prime factors of b(-7)?
2
Let q be 1 + -3 + 3 + -11. Let m be (q/(-8))/((-5)/20). Let v = 7 - m. What are the prime factors of v?
2, 3
Let s(v) = 2*v - 1 + 11*v + 2. Let l be s(3). Suppose -l = -6*y + y. List the prime factors of y.
2
Suppose -14 = -y - 5*u, y + 4*y = u + 18. Suppose 0*h - 9 = -2*d + 5*h, 0 = -5*d - y*h + 39. What are the prime factors of d?
7
Suppose 4*m - 2*f = 242, 0 = -5*m - 3*f + 79 + 218. Suppose -m = -6*z + z. What are the prime factors of z?
2, 3
Let y(f) = -f**3 - 6*f**2 - 7*f - 6. Let j(k) = -4*k + 3. Let t be j(2). What are the prime factors of y(t)?
2
Let d = 22 - 20. List the prime factors of 1/1 + d + 12.
3, 5
Suppose -6 = -2*u, -3*t - 5*u = -6*t - 27. Let w(h) be the third derivative of -h**4/8 - h**3/3 + 3*h**2. What are the prime factors of w(t)?
2, 5
List the prime factors of (4 - -145) + 2/(-2).
2, 37
Let x(m) = -m**2 + 7*m - 3. Let a be x(6). What are the prime factors of 40/a - (-4)/6?
2, 7
Suppose -1 = -0*h + h. List the prime factors of (-2)/((-70)/66 - h).
3, 11
Let b be (-12)/78 + (-297)/13. Let w = -14 - b. List the prime factors of w.
3
Suppose 0*r + 4*r = 32. Let a = r + -4. Let c = -2 + a. What are the prime factors of c?
2
Let v = 1179 - 816. List the prime factors of v.
3, 11
Let t(o) = 2*o + 3. Let f be t(4). Let y be 2/(-6) - (-38)/6. Let j = f - y. List the prime factors of j.
5
List the prime factors of (6/4)/(8/416*1).
2, 3, 13
Suppose -225 - 15 = -3*v. Suppose 2*h = 6*h - v. List the prime factors of h.
2, 5
Let l(b) be the second derivative of -2*b + 1/2*b**2 + 0 - 5/3*b**3. List the prime factors of l(-1).
11
Suppose 0 + 44 = r. List the prime factors of r.
2, 11
Let d(f) = f**2 - 1. Let t be d(-2). Suppose -3*o + 5*v + 32 = 0, -o + t